m**2 - 2*m - 13. Let o(g) = -2*g**2 + g + 6. Let p(j) = -5*o(j) - 3*w(j). Suppose -2*s = 4*s. What is p(s)?
9
Let m = 0 - -3. Let p(s) = s**2 - s - 1. Calculate p(m).
5
Let a(b) = -1 + 3 - b**2 - 4*b**2 + 4*b**2 + 4*b. Let s be -2 - -1 - -4*1. What is a(s)?
5
Let o(t) = t**2 - 4*t - 2. Let u = -86 - -91. Determine o(u).
3
Let a(t) = 1. Let y(k) = k**2 - 5*k + 7. Let z(o) = o**3 - 2*o**2 - 3*o + 1. Let g be z(3). Suppose -3*s - 8 = -s. Let u(f) = g*y(f) + s*a(f). What is u(5)?
3
Let g = -5 + 13. Let l(v) = -3*v - 27. Let m(x) = -x - 9. Let j(o) = g*m(o) - 3*l(o). Calculate j(-4).
5
Let l(v) be the second derivative of -v**5/20 + 7*v**4/12 + 7*v**3/6 + 7*v**2/2 + 3*v + 10. Calculate l(8).
-1
Let s(p) = p**2 - 8*p - 36. Let t be s(11). Let x(h) = h**3 + 3*h**2 + 3*h - 4. What is x(t)?
-13
Let c(t) = t + 4. Suppose 4*h = 4*m - 0*h, 0 = -2*m - 3*h - 20. Let j be c(m). Suppose -f = 3*r + f + 9, j = 5*r - f + 2. Let i(n) = 3*n**2. What is i(r)?
3
Let h = 19 + -11. Let a(f) = f - 6. Calculate a(h).
2
Let w = -17 - -18. Suppose 0 = r - 2*h - 3, -2*h = -0*r + r + w. Let u(f) = 4*f. Give u(r).
4
Let t(j) = -j**2 - j + 4. Let b = -8 + 6. Let i(z) = -z**2. Let f be i(b). Determine t(f).
-8
Let l(d) be the third derivative of -d**6/120 + 11*d**5/60 - d**4/2 + 11*d**3/6 - 33*d**2. Calculate l(10).
-9
Let o(h) = h + 1. Let q(k) = -8*k - 5. Let x(t) = -4*o(t) - q(t). Let u be x(1). Let l(m) = -4*m - u*m + 5*m + 1 + 2*m. Give l(3).
-5
Let c be 1 + 2 - (-2 - 0). Let u(k) be the second derivative of -k**3/6 - k**2 - k - 4. Determine u(c).
-7
Let l(n) = 4*n**2 - n. Let s(g) = -g**3 - 5*g**2 + 2*g. Let v(p) = 3*l(p) + 2*s(p). What is v(-1)?
3
Let g(r) = -r**2 - 3*r + 2. Let v = -29 - -25. Determine g(v).
-2
Let s(x) = -3*x**2 - x + 1. Let r(n) = -7*n**2 - 2*n + 2. Let o(w) = 2*r(w) - 5*s(w). Let z(i) = 2*i + 18. Let q be z(-9). What is o(q)?
-1
Let o = 11 - 17. Let w(g) = -14*g**3 - 18*g**2 + 38*g - 38. Let a(s) = 5*s**3 + 6*s**2 - 13*s + 13. Let u(t) = o*w(t) - 17*a(t). Calculate u(5).
-3
Let q(a) = -a**2 + 3*a + 2. Let m(c) = -16*c - 1. Let s be m(-1). Let n = 27 - s. Suppose -2*i = i - n. Calculate q(i).
-2
Suppose -3*h - 9 = 0, 3*h = -4*l + 3*l - 4. Let o(x) = x - 2. Determine o(l).
3
Let k(u) = -2*u**2 - 8*u. Let q = -2 + -5. Let v(f) = -5*f**2 - 17*f. Let h(z) = q*k(z) + 3*v(z). Suppose -2*y = -3*y + 4. Give h(y).
4
Suppose 4*i + 0 = 2*x + 2, -i + x = 0. Let v = i - 6. Let s(n) be the third derivative of n**4/24 + 4*n**3/3 - 4*n**2. What is s(v)?
3
Let g be (-1 - (3 - (-68)/(-12)))*3. Let n(v) = 3*v**3 + 4*v**2 + 5*v + 4. Let y(q) = q**3. Let c(o) = -n(o) + 4*y(o). Give c(g).
-4
Let p(y) = -y**2 + 10*y - 12. Let s be p(8). Suppose 0 = -s*n + 20 + 4. Let b(f) = 2*f. Determine b(n).
12
Let x(g) = -g**3 - 6*g**2 - 4*g - 7. Let a(q) = -2*q - 27. Let y be a(-11). Give x(y).
-12
Let l(f) = 15370*f**3 - 6*f + 0*f - 15369*f**3 + 5 - 3*f**2. Suppose 5 - 14 = 3*k. Let v = 1 - k. Determine l(v).
-3
Let g(w) = w**3 + 4*w**2 + 3*w + 1. Let f be g(-2). Let v(j) = j**2 + 2 - f - 4*j + 6*j - 3. Calculate v(-3).
-1
Let c(z) = z**3 - z**2 - z. Suppose -5*w + 9 = -2*g, 5*w - 15 = 3*w - 3*g. Let a = w - 6. Let s(l) = l**2 + 3*l. Let h be s(a). Give c(h).
0
Let j(f) be the second derivative of -f**3 + 3*f**2/2 + 5*f. Determine j(2).
-9
Let y be 0 + 4 - (-1)/(-1). Let m(u) = 4*u**2 + 6*u - 1. Let k(f) = 7*f**2 + 11*f - 3. Let i(a) = y*k(a) - 5*m(a). Calculate i(-3).
-4
Let v(j) = j**3 + 1. Let n be 70/7 + -2 + -1. Let y = -1 + n. Let h = 7 - y. What is v(h)?
2
Let h(r) = -r**3 + 3*r**2 + 6 - 2 - 3*r + 0. Suppose 11*p = 15*p - 12. What is h(p)?
-5
Let m(a) = -a**2 - 5*a - 5. Let z = 17 - 10. Let v = z + -11. Calculate m(v).
-1
Let g(z) = -z**3 + 4*z**2 + z - 1. Let m be g(4). Let s(u) = 0*u + m*u - 4*u + 2 - 2*u. Calculate s(-3).
11
Let a(y) = 2*y + 4. Let v = -7 - -8. Suppose 5 = -2*l - v. What is a(l)?
-2
Let m(q) = 8 + 1 + 36*q**2 - 37*q**2 + q**3. What is m(0)?
9
Let y(i) = 5*i - 16. Let q(u) = 2*u - 8. Let d(m) = -7*q(m) + 3*y(m). What is d(0)?
8
Let u(m) = m**2 - 7*m + 4. Suppose -3*v = 6*o - 9*o + 6, -5*o + 28 = v. Calculate u(o).
-6
Let y be (-2)/6 - 372/(-36). Suppose b - y = -b. Let j(m) = m**2 - 3*m + 2. Calculate j(b).
12
Let t = 10 + -14. Let u(q) = 2*q - 1. Determine u(t).
-9
Let s = -10 + 13. Let d(z) = 3*z - 4. Give d(s).
5
Let j(f) be the first derivative of -5*f**2/2 - f + 9. What is j(1)?
-6
Let q(l) be the third derivative of -l**6/120 + l**5/12 - l**4/6 - l**3/6 - l**2. Let y(x) = -x - 4. Let h be y(-8). What is q(h)?
-1
Suppose -6*m + 3*m - 9 = 0. Let l(w) = 3 + 0*w - 5*w + 3*w + 3*w. Calculate l(m).
0
Let l(f) = 2 + 0 - 3 + 3*f. Determine l(2).
5
Let j(g) = -1 - 2 - 5*g + 2*g - 1. Give j(-4).
8
Let m(n) = 12*n**3 - 7*n**2 + 2*n + 3*n - 4 + 9*n**2. Let g(c) = 23*c**3 + 3*c**2 + 9*c - 7. Let b(k) = 3*g(k) - 5*m(k). What is b(1)?
9
Let i(s) be the second derivative of s**4/12 + s**2/2 - 2*s. Let p be -2 + 6 + (-1)/1. Suppose -3*c - p = 6. What is i(c)?
10
Let f = -2 - -5. Let o(t) = -4 - 3*t + 2*t + 0*t**2 + t**f + t**2. Suppose 9*m = -4*m + 7*m. What is o(m)?
-4
Let c(v) = 0 - 4 + 2*v**2 - 6*v + 6. Let l(z) be the second derivative of z**4/12 - z**3/2 + z**2/2 + z. Let x(q) = -3*c(q) + 7*l(q). What is x(4)?
5
Let b(n) = 4*n**2 + 3*n + 5. Let m(p) = 7*p**2 + 5*p + 9. Let v(q) = -5*b(q) + 3*m(q). Let c = 0 - 1. Let i be 1 + (2 - 4) + c. Calculate v(i).
6
Let r(n) = n**2 + 10. Let h(s) = -s + 2. Let l(t) = -5*h(t) + r(t). Give l(-5).
0
Let b(i) be the second derivative of i**4/4 + 2*i**3/3 + i. Let v(h) = h**2. Let r(t) = b(t) - 4*v(t). Calculate r(5).
-5
Let t(w) = w**2 + 1. Let l(a) = a**2 + 6*a + 6. Let k(v) = l(v) - 2*t(v). Determine k(6).
4
Suppose -g + 0*g = -5. Let b(h) = -2*h**3 + 13*h**2 + 5*h - 13. Let c(f) = -f**3 + 7*f**2 + 2*f - 7. Let j(s) = -3*b(s) + 5*c(s). Calculate j(g).
4
Let d(v) = 12 - 11 + v - 3*v + 0*v. Determine d(3).
-5
Let o(t) = -t**3 + 5*t**2 - 5*t - 2. Let f(d) = -d**2 + d. Let c(i) = 5*f(i) + o(i). Let x = -6 + 4. Give c(x).
6
Let h(r) = r**3 - 4*r**3 + 4*r**2 + 2*r**3 - 2 - r. Let g be 11/3 - 10/(-30). What is h(g)?
-6
Let v be (-64)/24 + (-2)/6. Let u(m) = 3*m + 2. What is u(v)?
-7
Let d = -188 + 187. Let i(k) = -4*k + 1. What is i(d)?
5
Let n(x) = -x**2 + 3 + 0 - 2 + 2*x. What is n(3)?
-2
Let t(y) = y**3 + 5*y**2 - 2*y - 3. Let d = -37 - -32. Give t(d).
7
Let m = -33 - -20. Let u = m + 8. Let y(q) = q**2 + 6*q + 6. Determine y(u).
1
Let r(u) be the second derivative of -u**3/2 - u**2 - 2*u. Let p = 0 + 3. Let w(l) = l - 1. Let t be w(p). What is r(t)?
-8
Let d(t) = t**2 - 6*t - 3. Let o be d(9). Let q be (48/(-9))/2*-3. Let r be (-2)/q - (-6)/o. Let s(j) = j**2 - j - 8. What is s(r)?
-8
Let y(u) be the second derivative of 0 + 2*u + 0*u**2 + 1/4*u**5 - 1/6*u**4 - 1/6*u**3. Suppose 5*o + 4*r - 15 = 0, 5 = -0*r + r. Calculate y(o).
-6
Let s(k) = k**2 + 5*k + 2. Let z = -41 - -37. Give s(z).
-2
Let t(k) = k**3 - k**2 + 2. Let x be 2/(-7) + (-20)/(-70). What is t(x)?
2
Let k = 13 + -10. Suppose -3*z = -15 + k. Let r(f) = -1. Let n(i) = 2*i - 5. Let d(o) = -n(o) + 3*r(o). Calculate d(z).
-6
Let u be 6/(-8) - (-23)/4. Let d(n) = n - 1. Determine d(u).
4
Let a(s) = 4*s**2 - 4*s - 6. Let x(n) = 2*n**2 - 2*n - 3. Let m(h) = -2*a(h) + 5*x(h). Determine m(-3).
21
Let d = 3 - -1. Let t = d - 2. Let u(m) = -3*m**3 - 11*m**2 + 4*m - 7. Let a(n) = -2*n**3 - 6*n**2 + 2*n - 4. Let y(b) = 5*a(b) - 3*u(b). Give y(t).
1
Let n(t) be the first derivative of -t**3/3 - 4*t**2 - 3*t - 7. Give n(-4).
13
Let d(v) = -v**2 + 2*v + 3. Let c be d(-2). Let q(g) = g + 3. Let n be q(c). Let t(u) = u**3 + 2*u**2 + u - 1. Calculate t(n).
-3
Let o(l) be the first derivative of l**2/2 - 2*l + 28. What is o(0)?
-2
Let o(y) = -3*y**2 - 5*y - 2 + y + 0*y. Suppose -2*l + 2 - 4 = -4*x, -3 = -x + l. What is o(x)?
-6
Suppose -9 = -4*h + 4*z + 3, 0 = -5*h + 3*z + 9. Let p(n) = 1 - 3*n + h*n + 0*n. Let m = 25 + -23. What is p(m)?
-5
Let p = -1 + 4. Let l(j) = -j**p + 1 + j**3 + j**3 - 4*j**2 - 5*j. Suppose 76*f - 45*f = 155. Give l(f).
1
Let d(r) = r**2 - 3*r - 9. Let z(n) = -6*n**2 + 16*n + 46. Let p(m) = -11*d(m) - 2*z(m). Give p(0).
7
Suppose -a = v - 2, 0*a + 15 = -5*a. Suppose v*u - 6*u + 5 = 0. Let k(z) = z + 1. Let l(t) = -10*t - 4. Let r(b) = u*k(b) + l(b). Determi